{"id":3187,"date":"2026-03-17T11:59:01","date_gmt":"2026-03-17T10:59:01","guid":{"rendered":"https:\/\/cafecomercialmadrid.com\/evento\/presentation-of-hotel-en-las-afueras-registro-de-viajeros-by-rodolfo-serrano-with-jose-luis-morante\/"},"modified":"2026-03-17T11:59:01","modified_gmt":"2026-03-17T10:59:01","slug":"presentation-of-hotel-en-las-afueras-registro-de-viajeros-by-rodolfo-serrano-with-jose-luis-morante","status":"publish","type":"tribe_events","link":"https:\/\/cafecomercialmadrid.com\/en\/evento\/presentation-of-hotel-en-las-afueras-registro-de-viajeros-by-rodolfo-serrano-with-jose-luis-morante\/","title":{"rendered":"Presentation of Hotel en las afueras. Registro de viajeros by Rodolfo Serrano, with Jos\u00e9 Luis Morante"},"content":{"rendered":"<p class=\"p1\">Rodolfo Serrano was born in Villamanta (Madrid) in 1947. He studied journalism at the Complutense University of Madrid. As a journalist, he has received the Gim\u00e9nez Abad Award from the Government of Aragon for Best Parliamentary Chronicle for his writing in El Pa\u00eds, and the Mesonero Romanos Award for his collection of articles Historias de Madrid. He has written history books, essays, and novels. He has published nine books of poetry. Many of his poems have been set to music by Ismael Serrano, Manuel Cuesta, Fran Fern\u00e1ndez, Andr\u00e9s Molina, Antonio Sanz, Par\u00eds Joel, Emiliano del R\u00edo, or Javi Nervio.<\/p>\n","protected":false},"excerpt":{"rendered":"<p>Rodolfo Serrano was born in Villamanta (Madrid) in 1947. He studied journalism at the Complutense University of Madrid. As a journalist, he has received the Gim\u00e9nez Abad Award from the [&hellip;]<\/p>\n","protected":false},"author":5,"featured_media":3186,"template":"","meta":{"_tribe_events_status":"","_tribe_events_status_reason":"","_tribe_events_is_hybrid":"","_tribe_events_is_virtual":"","_tribe_events_virtual_video_source":"","_tribe_events_virtual_embed_video":"","_tribe_events_virtual_linked_button_text":"","_tribe_events_virtual_linked_button":"","_tribe_events_virtual_show_embed_at":"","_tribe_events_virtual_show_embed_to":[],"_tribe_events_virtual_show_on_event":"","_tribe_events_virtual_show_on_views":"","_tribe_events_virtual_url":"","footnotes":""},"tags":[],"tribe_events_cat":[30],"class_list":["post-3187","tribe_events","type-tribe_events","status-publish","has-post-thumbnail","hentry","tribe_events_cat-literary-mondays","cat_literary-mondays"],"_links":{"self":[{"href":"https:\/\/cafecomercialmadrid.com\/en\/wp-json\/wp\/v2\/tribe_events\/3187","targetHints":{"allow":["GET"]}}],"collection":[{"href":"https:\/\/cafecomercialmadrid.com\/en\/wp-json\/wp\/v2\/tribe_events"}],"about":[{"href":"https:\/\/cafecomercialmadrid.com\/en\/wp-json\/wp\/v2\/types\/tribe_events"}],"author":[{"embeddable":true,"href":"https:\/\/cafecomercialmadrid.com\/en\/wp-json\/wp\/v2\/users\/5"}],"version-history":[{"count":0,"href":"https:\/\/cafecomercialmadrid.com\/en\/wp-json\/wp\/v2\/tribe_events\/3187\/revisions"}],"wp:featuredmedia":[{"embeddable":true,"href":"https:\/\/cafecomercialmadrid.com\/en\/wp-json\/wp\/v2\/media\/3186"}],"wp:attachment":[{"href":"https:\/\/cafecomercialmadrid.com\/en\/wp-json\/wp\/v2\/media?parent=3187"}],"wp:term":[{"taxonomy":"post_tag","embeddable":true,"href":"https:\/\/cafecomercialmadrid.com\/en\/wp-json\/wp\/v2\/tags?post=3187"},{"taxonomy":"tribe_events_cat","embeddable":true,"href":"https:\/\/cafecomercialmadrid.com\/en\/wp-json\/wp\/v2\/tribe_events_cat?post=3187"}],"curies":[{"name":"wp","href":"https:\/\/api.w.org\/{rel}","templated":true}]}}

Presentation of Hotel en las afueras. Registro de viajeros by Rodolfo Serrano, with José Luis Morante

<p class="p1">Rodolfo Serrano was born in Villamanta (Madrid) in 1947. He studied journalism at the Complutense University of Madrid. As a journalist, he has received the Giménez Abad Award from the Government of Aragon for Best Parliamentary Chronicle for his writing in El País, and the Mesonero Romanos Award for his collection of articles Historias de Madrid. He has written history books, essays, and novels. He has published nine books of poetry. Many of his poems have been set to music by Ismael Serrano, Manuel Cuesta, Fran Fernández, Andrés Molina, Antonio Sanz, París Joel, Emiliano del Río, or Javi Nervio.</p>

<p>Rodolfo Serrano was born in Villamanta (Madrid) in 1947. He studied journalism at the Complutense University of Madrid. As a journalist, he has received the Giménez Abad Award from the [&hellip;]</p>
