{"id":2998,"date":"2026-01-23T14:38:57","date_gmt":"2026-01-23T13:38:57","guid":{"rendered":"https:\/\/cafecomercialmadrid.com\/evento\/dialogues-on-the-threshold-with-ernesto-perez-zuniga-and-andres-ibanez-on-the-dead-and-us\/"},"modified":"2026-01-23T14:38:57","modified_gmt":"2026-01-23T13:38:57","slug":"dialogues-on-the-threshold-with-ernesto-perez-zuniga-and-andres-ibanez-on-the-dead-and-us","status":"publish","type":"tribe_events","link":"https:\/\/cafecomercialmadrid.com\/en\/evento\/dialogues-on-the-threshold-with-ernesto-perez-zuniga-and-andres-ibanez-on-the-dead-and-us\/","title":{"rendered":"Dialogues on the Threshold, with Ernesto P\u00e9rez Z\u00fa\u00f1iga and Andr\u00e9s Ib\u00e1\u00f1ez. On the Dead (and Us)"},"content":{"rendered":"<p class=\"p1\"><i>Ernesto P\u00e9rez Z\u00fa\u00f1iga <\/i><i>and Andr\u00e9s Ib\u00e1\u00f1ez inaugurate this series of dialogues on the most mysterious areas <\/i><i>of reality, conversing about an omnipresent theme that permeates us throughout <\/i><i>time and in all times, and beyond time: the dead, the ancestors, <\/i><i>those who inspire us from the past in what we are, and also from other <\/i><i>dimensions that are never literal. They name us, we name them, they visit us and we <\/i> <i>visit them in dreams. We are not without the dead. Some reject them. But there are  <\/i><i>those who integrate them as a fundamental part of life. How could we live without <\/i><i>them? From the beginnings of literature to the experiences that pulsate in the <\/i><i>gloom, the dead are with us.<\/i><\/p>\n","protected":false},"excerpt":{"rendered":"<p>Ernesto P\u00e9rez Z\u00fa\u00f1iga and Andr\u00e9s Ib\u00e1\u00f1ez inaugurate this series of dialogues on the most mysterious areas of reality, conversing about an omnipresent theme that permeates us throughout time and in [&hellip;]<\/p>\n","protected":false},"author":5,"featured_media":3000,"template":"","meta":{"_tribe_events_status":"","_tribe_events_status_reason":"","_tribe_events_is_hybrid":"","_tribe_events_is_virtual":"","_tribe_events_virtual_video_source":"","_tribe_events_virtual_embed_video":"","_tribe_events_virtual_linked_button_text":"","_tribe_events_virtual_linked_button":"","_tribe_events_virtual_show_embed_at":"","_tribe_events_virtual_show_embed_to":[],"_tribe_events_virtual_show_on_event":"","_tribe_events_virtual_show_on_views":"","_tribe_events_virtual_url":"","footnotes":""},"tags":[],"tribe_events_cat":[30],"class_list":["post-2998","tribe_events","type-tribe_events","status-publish","has-post-thumbnail","hentry","tribe_events_cat-literary-mondays","cat_literary-mondays"],"_links":{"self":[{"href":"https:\/\/cafecomercialmadrid.com\/en\/wp-json\/wp\/v2\/tribe_events\/2998","targetHints":{"allow":["GET"]}}],"collection":[{"href":"https:\/\/cafecomercialmadrid.com\/en\/wp-json\/wp\/v2\/tribe_events"}],"about":[{"href":"https:\/\/cafecomercialmadrid.com\/en\/wp-json\/wp\/v2\/types\/tribe_events"}],"author":[{"embeddable":true,"href":"https:\/\/cafecomercialmadrid.com\/en\/wp-json\/wp\/v2\/users\/5"}],"version-history":[{"count":0,"href":"https:\/\/cafecomercialmadrid.com\/en\/wp-json\/wp\/v2\/tribe_events\/2998\/revisions"}],"wp:featuredmedia":[{"embeddable":true,"href":"https:\/\/cafecomercialmadrid.com\/en\/wp-json\/wp\/v2\/media\/3000"}],"wp:attachment":[{"href":"https:\/\/cafecomercialmadrid.com\/en\/wp-json\/wp\/v2\/media?parent=2998"}],"wp:term":[{"taxonomy":"post_tag","embeddable":true,"href":"https:\/\/cafecomercialmadrid.com\/en\/wp-json\/wp\/v2\/tags?post=2998"},{"taxonomy":"tribe_events_cat","embeddable":true,"href":"https:\/\/cafecomercialmadrid.com\/en\/wp-json\/wp\/v2\/tribe_events_cat?post=2998"}],"curies":[{"name":"wp","href":"https:\/\/api.w.org\/{rel}","templated":true}]}}

Dialogues on the Threshold, with Ernesto Pérez Zúñiga and Andrés Ibáñez. On the Dead (and Us)

<p class="p1"><i>Ernesto Pérez Zúñiga </i><i>and Andrés Ibáñez inaugurate this series of dialogues on the most mysterious areas </i><i>of reality, conversing about an omnipresent theme that permeates us throughout </i><i>time and in all times, and beyond time: the dead, the ancestors, </i><i>those who inspire us from the past in what we are, and also from other </i><i>dimensions that are never literal. They name us, we name them, they visit us and we </i> <i>visit them in dreams. We are not without the dead. Some reject them. But there are  </i><i>those who integrate them as a fundamental part of life. How could we live without </i><i>them? From the beginnings of literature to the experiences that pulsate in the </i><i>gloom, the dead are with us.</i></p>

<p>Ernesto Pérez Zúñiga and Andrés Ibáñez inaugurate this series of dialogues on the most mysterious areas of reality, conversing about an omnipresent theme that permeates us throughout time and in [&hellip;]</p>
