{"id":2994,"date":"2026-01-23T14:41:02","date_gmt":"2026-01-23T13:41:02","guid":{"rendered":"https:\/\/cafecomercialmadrid.com\/evento\/presentation-of-the-book-62-de-octubre-by-alfredo-sanchez-rodriguez-accompanied-by-francisco-caro-and-irene-sanchez-navas\/"},"modified":"2026-01-23T14:41:02","modified_gmt":"2026-01-23T13:41:02","slug":"presentation-of-the-book-62-de-octubre-by-alfredo-sanchez-rodriguez-accompanied-by-francisco-caro-and-irene-sanchez-navas","status":"publish","type":"tribe_events","link":"https:\/\/cafecomercialmadrid.com\/en\/evento\/presentation-of-the-book-62-de-octubre-by-alfredo-sanchez-rodriguez-accompanied-by-francisco-caro-and-irene-sanchez-navas\/","title":{"rendered":"Presentation of the book 62 de octubre by Alfredo S\u00e1nchez Rodr\u00edguez, accompanied by Francisco Caro and Irene S\u00e1nchez Navas"},"content":{"rendered":"<p class=\"p1\"><b><i>Alfredo S\u00e1nchez Rodr\u00edguez<\/i><\/b><\/p>\n<p class=\"p1\"><i>I am a native of Castellar de Santiago, Ciudad Real, a small town in the beautiful <\/i><i>and literary Campo de Montiel. I hold a degree in Law and am a career civil servant of the <\/i><i>Technical Body of Labor Inspection, now happily retired. I reside in Ciudad <\/i><i>Real, I am married, and I have three wonderful daughters.<\/i> <\/p>\n<p class=\"p1\"><i>I belong to the Guadiana Literary Group in Ciudad Real, where I coordinated <\/i><i>its literary creation magazine Manxa for years, publishing my work there <\/i><i>as well as in many other literary creation magazines. I am also a member of the <\/i><i>Castilla-La Mancha Writers&#8217; Association.<\/i><\/p>\n<p class=\"p1\"><i>In the last five years, and prior to the book we are presenting today, I have published three <\/i><i>collections of poems: Como el felino ans\u00eda la gacela (Ed. Diputaci\u00f3n de Ciudad Real, <\/i><i>December 2020); Entre t\u00fa y el mar (Ed. Lastura, March 2021) and Territorios, <\/i><i>(Biblioteca de Autores Manchegos, June 2021).<\/i><\/p>\n","protected":false},"excerpt":{"rendered":"<p>Alfredo S\u00e1nchez Rodr\u00edguez I am a native of Castellar de Santiago, Ciudad Real, a small town in the beautiful and literary Campo de Montiel. I hold a degree in Law [&hellip;]<\/p>\n","protected":false},"author":5,"featured_media":2995,"template":"","meta":{"_tribe_events_status":"","_tribe_events_status_reason":"","_tribe_events_is_hybrid":"","_tribe_events_is_virtual":"","_tribe_events_virtual_video_source":"","_tribe_events_virtual_embed_video":"","_tribe_events_virtual_linked_button_text":"","_tribe_events_virtual_linked_button":"","_tribe_events_virtual_show_embed_at":"","_tribe_events_virtual_show_embed_to":[],"_tribe_events_virtual_show_on_event":"","_tribe_events_virtual_show_on_views":"","_tribe_events_virtual_url":"","footnotes":""},"tags":[],"tribe_events_cat":[30],"class_list":["post-2994","tribe_events","type-tribe_events","status-publish","has-post-thumbnail","hentry","tribe_events_cat-literary-mondays","cat_literary-mondays"],"_links":{"self":[{"href":"https:\/\/cafecomercialmadrid.com\/en\/wp-json\/wp\/v2\/tribe_events\/2994","targetHints":{"allow":["GET"]}}],"collection":[{"href":"https:\/\/cafecomercialmadrid.com\/en\/wp-json\/wp\/v2\/tribe_events"}],"about":[{"href":"https:\/\/cafecomercialmadrid.com\/en\/wp-json\/wp\/v2\/types\/tribe_events"}],"author":[{"embeddable":true,"href":"https:\/\/cafecomercialmadrid.com\/en\/wp-json\/wp\/v2\/users\/5"}],"version-history":[{"count":0,"href":"https:\/\/cafecomercialmadrid.com\/en\/wp-json\/wp\/v2\/tribe_events\/2994\/revisions"}],"wp:featuredmedia":[{"embeddable":true,"href":"https:\/\/cafecomercialmadrid.com\/en\/wp-json\/wp\/v2\/media\/2995"}],"wp:attachment":[{"href":"https:\/\/cafecomercialmadrid.com\/en\/wp-json\/wp\/v2\/media?parent=2994"}],"wp:term":[{"taxonomy":"post_tag","embeddable":true,"href":"https:\/\/cafecomercialmadrid.com\/en\/wp-json\/wp\/v2\/tags?post=2994"},{"taxonomy":"tribe_events_cat","embeddable":true,"href":"https:\/\/cafecomercialmadrid.com\/en\/wp-json\/wp\/v2\/tribe_events_cat?post=2994"}],"curies":[{"name":"wp","href":"https:\/\/api.w.org\/{rel}","templated":true}]}}

Presentation of the book 62 de octubre by Alfredo Sánchez Rodríguez, accompanied by Francisco Caro and Irene Sánchez Navas

<p class="p1"><b><i>Alfredo Sánchez Rodríguez</i></b></p>
<p class="p1"><i>I am a native of Castellar de Santiago, Ciudad Real, a small town in the beautiful </i><i>and literary Campo de Montiel. I hold a degree in Law and am a career civil servant of the </i><i>Technical Body of Labor Inspection, now happily retired. I reside in Ciudad </i><i>Real, I am married, and I have three wonderful daughters.</i> </p>
<p class="p1"><i>I belong to the Guadiana Literary Group in Ciudad Real, where I coordinated </i><i>its literary creation magazine Manxa for years, publishing my work there </i><i>as well as in many other literary creation magazines. I am also a member of the </i><i>Castilla-La Mancha Writers&#8217; Association.</i></p>
<p class="p1"><i>In the last five years, and prior to the book we are presenting today, I have published three </i><i>collections of poems: Como el felino ansía la gacela (Ed. Diputación de Ciudad Real, </i><i>December 2020); Entre tú y el mar (Ed. Lastura, March 2021) and Territorios, </i><i>(Biblioteca de Autores Manchegos, June 2021).</i></p>

<p>Alfredo Sánchez Rodríguez I am a native of Castellar de Santiago, Ciudad Real, a small town in the beautiful and literary Campo de Montiel. I hold a degree in Law [&hellip;]</p>
